{"id":20441,"date":"2022-08-18T15:46:59","date_gmt":"2022-08-18T18:46:59","guid":{"rendered":"https:\/\/leocut.com.ar\/web\/?page_id=20441"},"modified":"2024-11-26T12:44:13","modified_gmt":"2024-11-26T15:44:13","slug":"beauty-prepaid","status":"publish","type":"page","link":"https:\/\/leocut.com.ar\/web\/promos-2\/beauty-prepaid\/","title":{"rendered":"BEAUTY PREPAID"},"content":{"rendered":"<div class=\"wpb-content-wrapper\"><p>[vc_row][vc_column width=\u00bb2\/3&#8243;][vc_single_image image=\u00bb20445&#8243; img_size=\u00bbfull\u00bb][\/vc_column][vc_column width=\u00bb1\/3&#8243;][vc_column_text css=\u00bb\u00bb]\n<span class=\"mkdf-dropcaps mkdf-square\" style=\"background-color: #c59d5f\">\n\tL<\/span><strong>A BEAUTY PREPAID DE LEOCUT<\/strong> es la primera tarjeta prepaga de servicios de peluquer\u00eda.<\/p>\n<p>Es la mejor elecci\u00f3n para acceder a la experiencia de nuestros servicios obteniendo siempre una bonificaci\u00f3n.<br \/>\nEsta tarjeta adem\u00e1s es digital y podes acceder a ella directamente desde este sitio en simples pasos.<br \/>\nLas pod\u00e9s usar vos o regalar, sobre el monto que cargues en tu tarjeta vas a obtener descuentos de 10%, 15% y hasta 20%.<br \/>\nAc\u00e9rcate a cualquiera de nuestras sucursales y solicita todo el asesoramiento que necesites.[\/vc_column_text][vc_empty_space]<a itemprop=\"url\" href=\"https:\/\/leocut.com.ar\/web\/categoria-producto\/beauty-prepaid\/\" target=\"_self\"  class=\"mkdf-btn mkdf-btn-small mkdf-btn-solid\"  >\n    <span class=\"mkdf-btn-text\">Comprar<\/span>\n    <\/a>[\/vc_column][\/vc_row]<\/p>\n<\/div>","protected":false},"excerpt":{"rendered":"<p>[vc_row][vc_column width=\u00bb2\/3&#8243;][vc_single_image image=\u00bb20445&#8243; img_size=\u00bbfull\u00bb][\/vc_column][vc_column width=\u00bb1\/3&#8243;][vc_column_text css=\u00bb\u00bb]A BEAUTY PREPAID DE LEOCUT es la primera tarjeta prepaga de servicios de peluquer\u00eda. Es la mejor elecci\u00f3n para acceder a la experiencia de nuestros servicios obteniendo siempre una bonificaci\u00f3n. Esta tarjeta adem\u00e1s es digital [&hellip;]<\/p>\n","protected":false},"author":2,"featured_media":0,"parent":4526,"menu_order":5,"comment_status":"closed","ping_status":"closed","template":"","meta":{"footnotes":""},"class_list":["post-20441","page","type-page","status-publish","hentry"],"_links":{"self":[{"href":"https:\/\/leocut.com.ar\/web\/wp-json\/wp\/v2\/pages\/20441","targetHints":{"allow":["GET"]}}],"collection":[{"href":"https:\/\/leocut.com.ar\/web\/wp-json\/wp\/v2\/pages"}],"about":[{"href":"https:\/\/leocut.com.ar\/web\/wp-json\/wp\/v2\/types\/page"}],"author":[{"embeddable":true,"href":"https:\/\/leocut.com.ar\/web\/wp-json\/wp\/v2\/users\/2"}],"replies":[{"embeddable":true,"href":"https:\/\/leocut.com.ar\/web\/wp-json\/wp\/v2\/comments?post=20441"}],"version-history":[{"count":4,"href":"https:\/\/leocut.com.ar\/web\/wp-json\/wp\/v2\/pages\/20441\/revisions"}],"predecessor-version":[{"id":29426,"href":"https:\/\/leocut.com.ar\/web\/wp-json\/wp\/v2\/pages\/20441\/revisions\/29426"}],"up":[{"embeddable":true,"href":"https:\/\/leocut.com.ar\/web\/wp-json\/wp\/v2\/pages\/4526"}],"wp:attachment":[{"href":"https:\/\/leocut.com.ar\/web\/wp-json\/wp\/v2\/media?parent=20441"}],"curies":[{"name":"wp","href":"https:\/\/api.w.org\/{rel}","templated":true}]}}